{"id":46,"date":"2024-10-12T03:52:38","date_gmt":"2024-10-12T03:52:38","guid":{"rendered":"http:\/\/vulga.net\/home\/"},"modified":"2025-08-04T03:39:10","modified_gmt":"2025-08-04T03:39:10","slug":"home","status":"publish","type":"page","link":"https:\/\/vulga.net\/","title":{"rendered":"Vulga"},"content":{"rendered":"\n\n\n<p><\/p>\n","protected":false},"excerpt":{"rendered":"","protected":false},"author":1,"featured_media":139,"parent":0,"menu_order":0,"comment_status":"closed","ping_status":"closed","template":"","meta":{"pagelayer_contact_templates":[],"_pagelayer_content":"","footnotes":""},"class_list":["post-46","page","type-page","status-publish","has-post-thumbnail","hentry"],"yoast_head":"<!-- This site is optimized with the Yoast SEO plugin v23.6 - https:\/\/yoast.com\/wordpress\/plugins\/seo\/ -->\n<title>Vulga<\/title>\n<meta name=\"description\" content=\"Productora musical transg\u00e9nero del circuito subterr\u00e1neo en Guayaquil-Ecuador. Comenz\u00f3 produciendo bandas, luego pinchando como DJ en antros queer.\" \/>\n<meta name=\"robots\" content=\"index, follow, max-snippet:-1, max-image-preview:large, max-video-preview:-1\" \/>\n<link rel=\"canonical\" href=\"https:\/\/vulga.net\/\" \/>\n<meta property=\"og:locale\" content=\"es_ES\" \/>\n<meta property=\"og:type\" content=\"article\" \/>\n<meta property=\"og:title\" content=\"Vulga\" \/>\n<meta property=\"og:description\" content=\"Productora musical transg\u00e9nero del circuito subterr\u00e1neo en Guayaquil-Ecuador. Comenz\u00f3 produciendo bandas, luego pinchando como DJ en antros queer.\" \/>\n<meta property=\"og:url\" content=\"https:\/\/vulga.net\/\" \/>\n<meta property=\"og:site_name\" content=\"Vulga\" \/>\n<meta property=\"article:publisher\" content=\"https:\/\/www.facebook.com\/vulga.ec\" \/>\n<meta property=\"article:modified_time\" content=\"2025-08-04T03:39:10+00:00\" \/>\n<meta property=\"og:image\" content=\"https:\/\/vulga.net\/wp-content\/uploads\/2025\/08\/vulga.png\" \/>\n\t<meta property=\"og:image:width\" content=\"1080\" \/>\n\t<meta property=\"og:image:height\" content=\"1350\" \/>\n\t<meta property=\"og:image:type\" content=\"image\/png\" \/>\n<meta name=\"twitter:card\" content=\"summary_large_image\" \/>\n<meta name=\"twitter:label1\" content=\"Tiempo de lectura\" \/>\n\t<meta name=\"twitter:data1\" content=\"1 minuto\" \/>\n<script type=\"application\/ld+json\" class=\"yoast-schema-graph\">{\"@context\":\"https:\/\/schema.org\",\"@graph\":[{\"@type\":\"WebPage\",\"@id\":\"https:\/\/vulga.net\/\",\"url\":\"https:\/\/vulga.net\/\",\"name\":\"Vulga\",\"isPartOf\":{\"@id\":\"https:\/\/vulga.net\/#website\"},\"primaryImageOfPage\":{\"@id\":\"https:\/\/vulga.net\/#primaryimage\"},\"image\":{\"@id\":\"https:\/\/vulga.net\/#primaryimage\"},\"thumbnailUrl\":\"https:\/\/vulga.net\/wp-content\/uploads\/2025\/08\/vulga.png\",\"datePublished\":\"2024-10-12T03:52:38+00:00\",\"dateModified\":\"2025-08-04T03:39:10+00:00\",\"description\":\"Productora musical transg\u00e9nero del circuito subterr\u00e1neo en Guayaquil-Ecuador. Comenz\u00f3 produciendo bandas, luego pinchando como DJ en antros queer.\",\"breadcrumb\":{\"@id\":\"https:\/\/vulga.net\/#breadcrumb\"},\"inLanguage\":\"es\",\"potentialAction\":[{\"@type\":\"ReadAction\",\"target\":[\"https:\/\/vulga.net\/\"]}]},{\"@type\":\"ImageObject\",\"inLanguage\":\"es\",\"@id\":\"https:\/\/vulga.net\/#primaryimage\",\"url\":\"https:\/\/vulga.net\/wp-content\/uploads\/2025\/08\/vulga.png\",\"contentUrl\":\"https:\/\/vulga.net\/wp-content\/uploads\/2025\/08\/vulga.png\",\"width\":1080,\"height\":1350,\"caption\":\"Vulga\"},{\"@type\":\"BreadcrumbList\",\"@id\":\"https:\/\/vulga.net\/#breadcrumb\",\"itemListElement\":[{\"@type\":\"ListItem\",\"position\":1,\"name\":\"Portada\",\"item\":\"https:\/\/vulga.net\/\"},{\"@type\":\"ListItem\",\"position\":2,\"name\":\"Vulga\"}]},{\"@type\":\"WebSite\",\"@id\":\"https:\/\/vulga.net\/#website\",\"url\":\"https:\/\/vulga.net\/\",\"name\":\"Vulga\",\"description\":\"Productora musical transg\u00e9nero &amp; Dj\",\"publisher\":{\"@id\":\"https:\/\/vulga.net\/#\/schema\/person\/6b332c7911317897cb11732e35576040\"},\"potentialAction\":[{\"@type\":\"SearchAction\",\"target\":{\"@type\":\"EntryPoint\",\"urlTemplate\":\"https:\/\/vulga.net\/?s={search_term_string}\"},\"query-input\":{\"@type\":\"PropertyValueSpecification\",\"valueRequired\":true,\"valueName\":\"search_term_string\"}}],\"inLanguage\":\"es\"},{\"@type\":[\"Person\",\"Organization\"],\"@id\":\"https:\/\/vulga.net\/#\/schema\/person\/6b332c7911317897cb11732e35576040\",\"name\":\"Vulga\",\"image\":{\"@type\":\"ImageObject\",\"inLanguage\":\"es\",\"@id\":\"https:\/\/vulga.net\/#\/schema\/person\/image\/\",\"url\":\"https:\/\/vulga.net\/wp-content\/uploads\/2024\/10\/logo-vulga-small.png\",\"contentUrl\":\"https:\/\/vulga.net\/wp-content\/uploads\/2024\/10\/logo-vulga-small.png\",\"width\":228,\"height\":130,\"caption\":\"Vulga\"},\"logo\":{\"@id\":\"https:\/\/vulga.net\/#\/schema\/person\/image\/\"},\"description\":\"Artista, DJ y productora musical de Guayaquil Ecuador.\",\"sameAs\":[\"https:\/\/vulga.net\",\"https:\/\/www.facebook.com\/vulga.ec\",\"https:\/\/www.instagram.com\/vulga.ec\/\",\"https:\/\/soundcloud.com\/v_u_l_g_a\"]}]}<\/script>\n<!-- \/ Yoast SEO plugin. -->","yoast_head_json":{"title":"Vulga","description":"Productora musical transg\u00e9nero del circuito subterr\u00e1neo en Guayaquil-Ecuador. Comenz\u00f3 produciendo bandas, luego pinchando como DJ en antros queer.","robots":{"index":"index","follow":"follow","max-snippet":"max-snippet:-1","max-image-preview":"max-image-preview:large","max-video-preview":"max-video-preview:-1"},"canonical":"https:\/\/vulga.net\/","og_locale":"es_ES","og_type":"article","og_title":"Vulga","og_description":"Productora musical transg\u00e9nero del circuito subterr\u00e1neo en Guayaquil-Ecuador. Comenz\u00f3 produciendo bandas, luego pinchando como DJ en antros queer.","og_url":"https:\/\/vulga.net\/","og_site_name":"Vulga","article_publisher":"https:\/\/www.facebook.com\/vulga.ec","article_modified_time":"2025-08-04T03:39:10+00:00","og_image":[{"width":1080,"height":1350,"url":"https:\/\/vulga.net\/wp-content\/uploads\/2025\/08\/vulga.png","type":"image\/png"}],"twitter_card":"summary_large_image","twitter_misc":{"Tiempo de lectura":"1 minuto"},"schema":{"@context":"https:\/\/schema.org","@graph":[{"@type":"WebPage","@id":"https:\/\/vulga.net\/","url":"https:\/\/vulga.net\/","name":"Vulga","isPartOf":{"@id":"https:\/\/vulga.net\/#website"},"primaryImageOfPage":{"@id":"https:\/\/vulga.net\/#primaryimage"},"image":{"@id":"https:\/\/vulga.net\/#primaryimage"},"thumbnailUrl":"https:\/\/vulga.net\/wp-content\/uploads\/2025\/08\/vulga.png","datePublished":"2024-10-12T03:52:38+00:00","dateModified":"2025-08-04T03:39:10+00:00","description":"Productora musical transg\u00e9nero del circuito subterr\u00e1neo en Guayaquil-Ecuador. Comenz\u00f3 produciendo bandas, luego pinchando como DJ en antros queer.","breadcrumb":{"@id":"https:\/\/vulga.net\/#breadcrumb"},"inLanguage":"es","potentialAction":[{"@type":"ReadAction","target":["https:\/\/vulga.net\/"]}]},{"@type":"ImageObject","inLanguage":"es","@id":"https:\/\/vulga.net\/#primaryimage","url":"https:\/\/vulga.net\/wp-content\/uploads\/2025\/08\/vulga.png","contentUrl":"https:\/\/vulga.net\/wp-content\/uploads\/2025\/08\/vulga.png","width":1080,"height":1350,"caption":"Vulga"},{"@type":"BreadcrumbList","@id":"https:\/\/vulga.net\/#breadcrumb","itemListElement":[{"@type":"ListItem","position":1,"name":"Portada","item":"https:\/\/vulga.net\/"},{"@type":"ListItem","position":2,"name":"Vulga"}]},{"@type":"WebSite","@id":"https:\/\/vulga.net\/#website","url":"https:\/\/vulga.net\/","name":"Vulga","description":"Productora musical transg\u00e9nero &amp; Dj","publisher":{"@id":"https:\/\/vulga.net\/#\/schema\/person\/6b332c7911317897cb11732e35576040"},"potentialAction":[{"@type":"SearchAction","target":{"@type":"EntryPoint","urlTemplate":"https:\/\/vulga.net\/?s={search_term_string}"},"query-input":{"@type":"PropertyValueSpecification","valueRequired":true,"valueName":"search_term_string"}}],"inLanguage":"es"},{"@type":["Person","Organization"],"@id":"https:\/\/vulga.net\/#\/schema\/person\/6b332c7911317897cb11732e35576040","name":"Vulga","image":{"@type":"ImageObject","inLanguage":"es","@id":"https:\/\/vulga.net\/#\/schema\/person\/image\/","url":"https:\/\/vulga.net\/wp-content\/uploads\/2024\/10\/logo-vulga-small.png","contentUrl":"https:\/\/vulga.net\/wp-content\/uploads\/2024\/10\/logo-vulga-small.png","width":228,"height":130,"caption":"Vulga"},"logo":{"@id":"https:\/\/vulga.net\/#\/schema\/person\/image\/"},"description":"Artista, DJ y productora musical de Guayaquil Ecuador.","sameAs":["https:\/\/vulga.net","https:\/\/www.facebook.com\/vulga.ec","https:\/\/www.instagram.com\/vulga.ec\/","https:\/\/soundcloud.com\/v_u_l_g_a"]}]}},"_links":{"self":[{"href":"https:\/\/vulga.net\/index.php?rest_route=\/wp\/v2\/pages\/46","targetHints":{"allow":["GET"]}}],"collection":[{"href":"https:\/\/vulga.net\/index.php?rest_route=\/wp\/v2\/pages"}],"about":[{"href":"https:\/\/vulga.net\/index.php?rest_route=\/wp\/v2\/types\/page"}],"author":[{"embeddable":true,"href":"https:\/\/vulga.net\/index.php?rest_route=\/wp\/v2\/users\/1"}],"replies":[{"embeddable":true,"href":"https:\/\/vulga.net\/index.php?rest_route=%2Fwp%2Fv2%2Fcomments&post=46"}],"version-history":[{"count":10,"href":"https:\/\/vulga.net\/index.php?rest_route=\/wp\/v2\/pages\/46\/revisions"}],"predecessor-version":[{"id":134,"href":"https:\/\/vulga.net\/index.php?rest_route=\/wp\/v2\/pages\/46\/revisions\/134"}],"wp:featuredmedia":[{"embeddable":true,"href":"https:\/\/vulga.net\/index.php?rest_route=\/wp\/v2\/media\/139"}],"wp:attachment":[{"href":"https:\/\/vulga.net\/index.php?rest_route=%2Fwp%2Fv2%2Fmedia&parent=46"}],"curies":[{"name":"wp","href":"https:\/\/api.w.org\/{rel}","templated":true}]}}